Let c be z(3). Suppose 5*l - c = -o, -4*o + 4*l + 182 = -498. What is the highest common divisor of 18 and o?
9
Suppose 3 = 2*v - v. Let z(o) = 11*o + 46. Let g be z(-2). Suppose -3*c + 2*t + v = -g, 4*c = -2*t + 50. What is the greatest common divisor of c and 11?
11
Let t be (-877)/(-7) - 6/21. Let j be ((-960)/(-56) - (26 - 16))*7. What is the greatest common divisor of t and j?
25
Let a be (4 + 1 - 35)/(6/(-8)). Suppose 4*q + 2*l - 278 = 4*l, -4*l + 56 = q. Suppose c - q + a = 0. What is the greatest common factor of c and 28?
28
Let r = -1479 + 1535. Suppose -5*p + 56 = -3*p. Suppose 3*b - p = 2*b. What is the highest common factor of b and r?
28
Let d = -12 - 189. Let w = 216 + d. Calculate the highest common divisor of w and 3.
3
Let j(z) = -z**2 - 28*z + 15. Let c be j(-19). Suppose -5*t + c = 26*t. What is the greatest common divisor of 12 and t?
6
Suppose 2*w + 4*k - 10034 = 0, 2*k = -3*w + 13311 + 1756. What is the highest common factor of w and 75?
75
Let k(g) = 3*g**3 - 3*g**2 + g + 2. Let a be k(2). Let l = 47690 + -47686. Calculate the greatest common divisor of a and l.
4
Let w be (1 - (-2)/3*15) + -3. Let a(c) = -c**3 - 2*c**2 + 3*c + 8. Let v be a(0). Let j be (-20 + v)*(-4)/6. What is the greatest common divisor of w and j?
8
Suppose 0 = 60*b + 2080 - 18460. Let o be (-52)/((2/1)/(-2)). Calculate the highest common divisor of b and o.
13
Let o(y) = -y**3 - 52*y**2 + 2*y + 126. Let s be o(-52). What is the highest common factor of 1837 and s?
11
Let h(p) = -p**2 - 34*p + 45104. Let g be h(196). Let f be 12*(3/2)/3. What is the greatest common divisor of f and g?
6
Suppose 3*c - 1140 = -4*i, 4*c - 195*i = -200*i + 1518. Calculate the highest common factor of 180 and c.
12
Let v(b) = -5*b - 1. Let a(k) = -1. Let l(j) = -2*a(j) + v(j). Let n be l(1). Let w be n/18 + (5 - (-76)/18). Calculate the highest common divisor of 144 and w.
9
Let y = 3286 - 3148. Calculate the greatest common factor of y and 1311.
69
Let x be (22 - 23)*(-73 + -12). Let d be (0 + 171)/(3/2). Suppose a - 2*b = 40, -4*b + 0*b - d = -3*a. What is the highest common factor of x and a?
17
Let g = 156 - 151. Suppose -14 = -3*i + g*l, 1 = -4*i - l + 12. Suppose 3*z - 84 = -z. Calculate the greatest common factor of z and i.
3
Let t = -2170 + 6714. What is the greatest common factor of t and 64?
64
Suppose -79*k = -92*k + 338. What is the highest common divisor of 481 and k?
13
Let y be (-26 + 24)*-7 + 7214. Calculate the highest common divisor of y and 104.
52
Suppose -2*w + 344 = 2*w. Suppose w*b = 85*b - 2. Let v be 0 - -1 - (b + 1). Calculate the greatest common factor of v and 2.
2
Let g be 31/31 - (5 - (4743 + 2)). Calculate the highest common divisor of 33 and g.
11
Suppose 34 = -4*h + 26, -2*k + 18 = h. Calculate the greatest common factor of k and 3670.
10
Let d(c) = -3*c**2 - 1. Let a(h) = 13*h**2 + 17*h + 48. Let u(v) = a(v) + 3*d(v). Let w be u(-3). Calculate the highest common factor of 10 and w.
10
Let h(w) = -6*w + 165. Let n(l) = 5*l - 162. Let b(c) = -6*h(c) - 7*n(c). Let i be b(10). Calculate the greatest common factor of 56 and i.
14
Suppose 0 = -3*f + 28 + 23. Let j be (8/(-12))/(2/(-33)). Suppose 140 = -j*m + 514. Calculate the highest common divisor of f and m.
17
Let y = -1215 - -1606. Suppose 0 = -l - 0*l + 23. What is the greatest common divisor of l and y?
23
Suppose 0*i - i = 312. Let r = -263 - i. What is the greatest common divisor of r and 49?
49
Let s(y) = 2*y**2 - 27*y - 31. Let d be s(15). Let k(q) = q**3 - 14*q**2 - 14*q + 13. Let t be k(16). What is the greatest common divisor of d and t?
7
Let s(c) = -10*c + 32. Let r be s(5). Let l be (-3 - r/(-24))*(-32)/6. Suppose 6*y = 10*y - 80. What is the highest common divisor of y and l?
20
Suppose m - 131 = -3*f, -3*m + 335 = 3*f - 82. What is the highest common divisor of m and 308?
11
Let t(j) = 2*j**3 + 10*j**2 - 12*j + 18. Let f be t(4). Suppose 0 = 25*w + 18*w - f. What is the highest common divisor of 12 and w?
6
Let o be (-3)/(-12) - (-114)/24. Suppose -246 = o*u - 36. Let l be 12/u + 44/7. What is the greatest common factor of l and 9?
3
Let s(i) = i - 2. Let k = 49 - 43. Let q be s(k). Suppose -q*v + 14 = 2*u, -2*v + 5*u - 3 = -28. Calculate the greatest common divisor of 25 and v.
5
Let b(g) = 218*g - 2799. Let s be b(13). What is the greatest common divisor of 6685 and s?
35
Let q(p) = -109*p - 2039. Let u be q(-20). Calculate the greatest common divisor of 7003 and u.
47
Let a = 1024 - 1480. Let w = -274 - a. Let c(k) = 28*k + 70. Let f be c(-2). Calculate the greatest common factor of f and w.
14
Let z = -4165 + 4177. What is the greatest common divisor of 14 and z?
2
Suppose -527003 + 40209 = -218*g. Calculate the greatest common factor of 9251 and g.
319
Let h(o) = -2505*o + 3873. Let u be h(-5). Calculate the highest common divisor of u and 18.
18
Let l = -159 + 173. Suppose 7 = 5*h - 18. Let d(s) = 22*s + 16. Let y be d(h). Calculate the greatest common factor of l and y.
14
Let n(s) = 8*s - 20 + s**3 - 2*s**3 - 5*s + 0*s + s**2. Let o be n(-5). What is the greatest common divisor of 46 and o?
23
Let h be (-21)/7*1/(-3). Let t(b) = 9*b**2 + 3*b - 2. Let m be t(h). Let w be (1 + -8)*(31 - 41). Calculate the greatest common factor of m and w.
10
Let b = 119 - 89. Suppose -3*i = -l - 2*i + 125, 575 = 5*l + 5*i. Let z = l + -75. Calculate the greatest common divisor of b and z.
15
Let d be (-156)/(0 + 2/(-7)). Let x be -4*(-4)/(-8) - 367 - 2. Let t = x + d. What is the greatest common divisor of 35 and t?
35
Suppose -8 = -t - 4*i + 10, 96 = 3*t - 2*i. Let g be (54/t)/((-6)/(-60)). Let b be 306 - 0/2*1. Calculate the greatest common factor of b and g.
18
Let a = -7270 + 7274. Calculate the greatest common divisor of 484 and a.
4
Let i(m) = m**3 - 6*m**2 + 2*m - 4. Let c be i(6). Suppose -c + 1 = -p. Let s = -4211 - -4232. What is the highest common divisor of s and p?
7
Let u = 3129 + -3097. What is the greatest common divisor of u and 16?
16
Let w be 31/2*(0/(-1) + 2). Suppose 2*s + 11 = -w. Let a = -15 - s. Calculate the greatest common divisor of 30 and a.
6
Let x = -22995 + 23185. Let o be (-20)/(-25)*15/2. Let a = 16 - o. Calculate the highest common divisor of a and x.
10
Let n = 127 - 19. Suppose -3*u = 3*w - 12, -u = 190*w - 184*w + 36. Calculate the greatest common factor of n and u.
12
Let f be (-43304)/(-132) + (-18)/297. Let y be 82*2*6/12. Calculate the highest common factor of y and f.
82
Suppose -15*o = -o. Suppose 2*j - 2 = 2*m + 22, 4*j - m - 57 = o. What is the greatest common divisor of j and 240?
15
Let r = -430 + 486. Suppose 2*b = -2 + r. What is the highest common factor of b and 513?
27
Let g(k) = 24 + 22*k + k**2 - 134 + 71. Let l be g(-27). What is the highest common factor of 6 and l?
6
Suppose -6*t - t + 175 = -0*t. What is the greatest common divisor of t and 11275?
25
Let i = 61 - 56. Suppose 0*n = i*n - 230. What is the highest common divisor of n and 23?
23
Let o be (17/(-3))/(1/(-87)). Suppose -92*p - 361 + 2681 = -12*p. Calculate the highest common divisor of p and o.
29
Let v(d) = d**3 - d**2 - 2*d + 2. Let b be v(2). Let x(h) = 57*h**2 - 5*h + 18. Let c be x(b). Calculate the greatest common divisor of 295 and c.
59
Suppose 2*z - 2771 = 6*j - 5*j, -j + 3 = 0. What is the highest common factor of z and 19?
19
Let s = 4716 - 3845. What is the highest common divisor of 1072 and s?
67
Suppose 2477 + 1824 = 17*z. Let r = -211 + z. What is the greatest common divisor of 56 and r?
14
Let g = 278 - 234. Let h be 143/(-26)*(-1 + -1). Calculate the highest common divisor of g and h.
11
Let g(f) = -f**3 - 20*f**2 + f + 22. Let k be g(-20). Let m be (-6)/48*-66 + k/(-8). What is the greatest common divisor of 56 and m?
8
Let k be ((-396)/108)/(198/(-1944)). Let b = -63 + 126. Calculate the greatest common factor of b and k.
9
Let s be 780/(7 - 3) - -1. Let t be 105 + 12 + -2 + (-4 - 13). Calculate the highest common factor of s and t.
98
Let i(t) = -3*t**2 - 13*t + 5. Let o be i(-9). Let x = o - -166. Let p = 33 + 12. Calculate the highest common divisor of p and x.
45
Suppose 4*i - 506 = 2*a + 250, a + 189 = i. Calculate the greatest common divisor of i and 105.
21
Let a be (0 - -2) + 16/(4 + 0). Suppose a*l - 83 = 295. What is the greatest co